{"id":656,"date":"2016-10-17T14:00:02","date_gmt":"2016-10-17T12:00:02","guid":{"rendered":"https:\/\/aturien-ev.de\/?page_id=656"},"modified":"2016-10-17T14:00:02","modified_gmt":"2016-10-17T12:00:02","slug":"ziele-des-vereins","status":"publish","type":"page","link":"https:\/\/aturien-ev.de\/?page_id=656","title":{"rendered":"Ziele des Vereins"},"content":{"rendered":"<h2>Welche Ziele verfolgt der Aturien e.V.?<\/h2>\n<h4>1. Wir wollen vor allem eine hochwertige, vielseitige und sinnvolle Freizeitbesch\u00e4ftigung f\u00fcr jedermann bieten.<\/h4>\n<p style=\"text-align: justify;\">Stegreiftheater und Live-Rollenspiel wird gerne als Managertraining eingesetzt um Aggressionen und Stress abzubauen und die F\u00e4higkeit auf Unerwartetes zu reagieren zu steigern. Dazu werden oft teure Seminare angeboten.<\/p>\n<p style=\"text-align: justify;\">Mit unseren\u00a0Live-Rollenspiel Veranstaltungen bieten wir einen spielerischen Zugang zum Stegreiftheater. Die Teilnehmer (Spieler) stellen dabei frei erfundene Charaktere aus einem mittalalterlich-fantastischem Hintergrund dar und\u00a0 tauchen f\u00fcr einen Tag oder ein ganzes Wochenende in eine mittelalterlich gepr\u00e4gte Welt ein.<\/p>\n<p style=\"text-align: justify;\">Im Live-Rollenspiel werden die Charaktere der Teilnehmer oft mit unerwarteten\u00a0Situationen und Aufgaben konfrontiert, die sie nur gemeinsam bew\u00e4ltigen k\u00f6nnen. Dabei entstehen soziale Strukturen und Teams, die daf\u00fcr eng zusammenarbeiten.<\/p>\n<p style=\"text-align: justify;\">Kombinationsgabe und Allgemeinbildung sind bei R\u00e4tselaufgaben gefragt, k\u00f6rperliche Fitness bei Waldwanderungen und spielerischen K\u00e4mpfen mit Polsterwaffen, schauspielerisches Talent und Einf\u00fchlsamkeit bei Verhandlungen mit anderen Spielern.<\/p>\n<p style=\"text-align: justify;\">Jeder Teilnehmer kann so seine St\u00e4rken, oder die seines dargestellten Charakters einbringen und ausbauen indem er bei der Bew\u00e4ltigung der Aufgeben hilft. Oft sind solche Erfahrungen hilfreich um zu einer besseren Selbsteinsch\u00e4tzung zu gelangen. Gerade\u00a0 junge Menschen beginnen meist mit der Figur des strahlenden Superhelden (meist eines Einzelk\u00e4mpfers) und stellen bald fest, da\u00df ohne Gemeinschaft und Zusammenarbeit nichts zu erreichen ist, weder im Spiel noch im wirklichen Leben.<\/p>\n<p><strong>Live-Rollenspiel ist eine sehr vielseitige Freizeitbesch\u00e4ftigung.<\/strong><\/p>\n<p style=\"text-align: justify;\">Wir haben es uns zum Ziel gemacht gute L.A.R.P.s f\u00fcr m\u00f6glichst wenig Geld anzubieten. Wir wollen an den Cons nichts verdienen sondern nur unsere Kosten decken. Gerade auf Ambiente und gute Stimmung legen wir viel Wert. Unser Ziel ist es auch Anf\u00e4ngern die M\u00f6glichkeit zu bieten ins L.A.R.P. einzusteigen. Nat\u00fcrlich liegt uns auch viel daran den\u00a0Ruf des Live-Rollenspieles zu bessern und mehr Akzeptanz f\u00fcr dieses abwechslungsreiche Hobby zu erreichen.<\/p>\n<h4>2. Wir wollen mehr Verst\u00e4ndnis und Kentniss \u00fcber Leben im Mittelalter und die Kultur dieser Epoche wecken.<\/h4>\n<p style=\"text-align: justify;\">Unsere St\u00fccke spielen in mittelalterlicher Umgebung mit all dem Aberglauben und Sagengestalten und entsprechender Ausr\u00fcstung, Mittelalterlicher Gewandung und weit ab von der modernen Technik wie Handy, PC und Auto.<\/p>\n<p style=\"text-align: justify;\">Die Spieler sollen in eine altert\u00fcmliche und teils recht beschwerliche Welt entf\u00fchrt werden.<\/p>\n<p style=\"text-align: justify;\">Unsere Charaktere, Gewandungen und R\u00fcstungen orientieren sich an mittelalterlichen Vorbildern aus der nord-italienischen Renaissance. Auch unsere R\u00e4umlichkeiten wie Tavernen oder Zelte werden mittelalterlich eingerichtet. Wir sind bestrebt die damaligen Gewandungen und Umgebungen auf unseren Veranstaltungen so naturgetreu wie m\u00f6glich nachzustellen.<\/p>\n<h4>3. Wir haben gro\u00dfes Augenmerk auf die Arbeit mit Jugendlichen gelegt.<\/h4>\n<p style=\"text-align: justify;\">Wir versuchen gerade jungen Leuten ein Hobby zu bieten, das sie aus dem Alltagstrott herausholt, ihnen aber auch etwas gibt, was ihnen im Leben weiterhilft. Dies sollte auch vom Finanziellen Aufwand her so gering wie m\u00f6glich gehalten werden, damit es sich jeder leisten kann.<\/p>\n<p style=\"text-align: justify;\">Zu diesem Zwecke Arbeiten wir gerne mit Pfadfinder und Jugendvereinen zusammen und bem\u00fchen uns den jungen Leuten Workshops und Einf\u00fchrungen in den Themengebieten Theater, Rollenspiel und Geschichte zu geben.<\/p>\n<p style=\"text-align: justify;\">Wir wollen die gemeinsame Freizeitgestaltung von jungen und \u00e4lteren Menschen f\u00f6rdern.<\/p>\n<p>(Text angelehnt an <a href=\"http:\/\/www.mysticforest.de\/\">www.mysticforest.de<\/a>)<\/p>\n<div class=\"shariff\"><ul class=\"shariff-buttons theme-default orientation-horizontal buttonsize-medium\"><li class=\"shariff-button facebook shariff-nocustomcolor\" style=\"background-color:#4273c8\"><a href=\"https:\/\/www.facebook.com\/sharer\/sharer.php?u=https%3A%2F%2Faturien-ev.de%2F%3Fpage_id%3D656\" title=\"Bei Facebook teilen\" aria-label=\"Bei Facebook teilen\" role=\"button\" rel=\"nofollow\" class=\"shariff-link\" style=\"; background-color:#3b5998; color:#fff\" target=\"_blank\"><span class=\"shariff-icon\" style=\"\"><svg width=\"32px\" height=\"20px\" xmlns=\"http:\/\/www.w3.org\/2000\/svg\" viewBox=\"0 0 18 32\"><path fill=\"#3b5998\" d=\"M17.1 0.2v4.7h-2.8q-1.5 0-2.1 0.6t-0.5 1.9v3.4h5.2l-0.7 5.3h-4.5v13.6h-5.5v-13.6h-4.5v-5.3h4.5v-3.9q0-3.3 1.9-5.2t5-1.8q2.6 0 4.1 0.2z\"\/><\/svg><\/span><span class=\"shariff-text\">teilen<\/span>&nbsp;<\/a><\/li><li class=\"shariff-button twitter shariff-nocustomcolor\" style=\"background-color:#595959\"><a href=\"https:\/\/twitter.com\/share?url=https%3A%2F%2Faturien-ev.de%2F%3Fpage_id%3D656&text=Ziele%20des%20Vereins\" title=\"Bei X teilen\" aria-label=\"Bei X teilen\" role=\"button\" rel=\"noopener nofollow\" class=\"shariff-link\" style=\"; background-color:#000; color:#fff\" target=\"_blank\"><span class=\"shariff-icon\" style=\"\"><svg width=\"32px\" height=\"20px\" xmlns=\"http:\/\/www.w3.org\/2000\/svg\" viewBox=\"0 0 24 24\"><path fill=\"#000\" d=\"M14.258 10.152L23.176 0h-2.113l-7.747 8.813L7.133 0H0l9.352 13.328L0 23.973h2.113l8.176-9.309 6.531 9.309h7.133zm-2.895 3.293l-.949-1.328L2.875 1.56h3.246l6.086 8.523.945 1.328 7.91 11.078h-3.246zm0 0\"\/><\/svg><\/span><span class=\"shariff-text\">teilen<\/span>&nbsp;<\/a><\/li><li class=\"shariff-button threema shariff-nocustomcolor shariff-mobile\" style=\"background-color:#4fbc24\"><a href=\"threema:\/\/compose?text=Ziele%20des%20Vereins%20https%3A%2F%2Faturien-ev.de%2F%3Fpage_id%3D656\" title=\"Bei Threema teilen\" aria-label=\"Bei Threema teilen\" role=\"button\" rel=\"noopener nofollow\" class=\"shariff-link\" style=\"; background-color:#1f1f1f; color:#fff\" target=\"_blank\"><span class=\"shariff-icon\" style=\"\"><svg width=\"32px\" height=\"20px\" xmlns=\"http:\/\/www.w3.org\/2000\/svg\" viewBox=\"0 0 32 32\"><path fill=\"#1f1f1f\" d=\"M30.8 10.9c-0.3-1.4-0.9-2.6-1.8-3.8-2-2.6-5.5-4.5-9.4-5.2-1.3-0.2-1.9-0.3-3.5-0.3s-2.2 0-3.5 0.3c-4 0.7-7.4 2.6-9.4 5.2-0.9 1.2-1.5 2.4-1.8 3.8-0.1 0.5-0.2 1.2-0.2 1.6 0 0.4 0.1 1.1 0.2 1.6 0.4 1.9 1.3 3.4 2.9 5 0.8 0.8 0.8 0.8 0.7 1.3 0 0.6-0.5 1.6-1.7 3.6-0.3 0.5-0.5 0.9-0.5 0.9 0 0.1 0.1 0.1 0.5 0 0.8-0.2 2.3-0.6 5.6-1.6 1.1-0.3 1.3-0.4 2.3-0.4 0.8 0 1.1 0 2.3 0.2 1.5 0.2 3.5 0.2 4.9 0 5.1-0.6 9.3-2.9 11.4-6.3 0.5-0.9 0.9-1.8 1.1-2.8 0.1-0.5 0.2-1.1 0.2-1.6 0-0.7-0.1-1.1-0.2-1.6-0.3-1.4 0.1 0.5 0 0zM20.6 17.3c0 0.4-0.4 0.8-0.8 0.8h-7.7c-0.4 0-0.8-0.4-0.8-0.8v-4.6c0-0.4 0.4-0.8 0.8-0.8h0.2l0-1.6c0-0.9 0-1.8 0.1-2 0.1-0.6 0.6-1.2 1.1-1.7s1.1-0.7 1.9-0.8c1.8-0.3 3.7 0.7 4.2 2.2 0.1 0.3 0.1 0.7 0.1 2.1v0 1.7h0.1c0.4 0 0.8 0.4 0.8 0.8v4.6zM15.6 7.3c-0.5 0.1-0.8 0.3-1.2 0.6s-0.6 0.8-0.7 1.3c0 0.2 0 0.8 0 1.5l0 1.2h4.6v-1.3c0-1 0-1.4-0.1-1.6-0.3-1.1-1.5-1.9-2.6-1.7zM25.8 28.2c0 1.2-1 2.2-2.1 2.2s-2.1-1-2.1-2.1c0-1.2 1-2.1 2.2-2.1s2.2 1 2.2 2.2zM18.1 28.2c0 1.2-1 2.2-2.1 2.2s-2.1-1-2.1-2.1c0-1.2 1-2.1 2.2-2.1s2.2 1 2.2 2.2zM10.4 28.2c0 1.2-1 2.2-2.1 2.2s-2.1-1-2.1-2.1c0-1.2 1-2.1 2.2-2.1s2.2 1 2.2 2.2z\"\/><\/svg><\/span><span class=\"shariff-text\">teilen<\/span>&nbsp;<\/a><\/li><li class=\"shariff-button whatsapp shariff-nocustomcolor\" style=\"background-color:#5cbe4a\"><a href=\"https:\/\/api.whatsapp.com\/send?text=https%3A%2F%2Faturien-ev.de%2F%3Fpage_id%3D656%20Ziele%20des%20Vereins\" title=\"Bei Whatsapp teilen\" aria-label=\"Bei Whatsapp teilen\" role=\"button\" rel=\"noopener nofollow\" class=\"shariff-link\" style=\"; background-color:#34af23; color:#fff\" target=\"_blank\"><span class=\"shariff-icon\" style=\"\"><svg width=\"32px\" height=\"20px\" xmlns=\"http:\/\/www.w3.org\/2000\/svg\" viewBox=\"0 0 32 32\"><path fill=\"#34af23\" d=\"M17.6 17.4q0.2 0 1.7 0.8t1.6 0.9q0 0.1 0 0.3 0 0.6-0.3 1.4-0.3 0.7-1.3 1.2t-1.8 0.5q-1 0-3.4-1.1-1.7-0.8-3-2.1t-2.6-3.3q-1.3-1.9-1.3-3.5v-0.1q0.1-1.6 1.3-2.8 0.4-0.4 0.9-0.4 0.1 0 0.3 0t0.3 0q0.3 0 0.5 0.1t0.3 0.5q0.1 0.4 0.6 1.6t0.4 1.3q0 0.4-0.6 1t-0.6 0.8q0 0.1 0.1 0.3 0.6 1.3 1.8 2.4 1 0.9 2.7 1.8 0.2 0.1 0.4 0.1 0.3 0 1-0.9t0.9-0.9zM14 26.9q2.3 0 4.3-0.9t3.6-2.4 2.4-3.6 0.9-4.3-0.9-4.3-2.4-3.6-3.6-2.4-4.3-0.9-4.3 0.9-3.6 2.4-2.4 3.6-0.9 4.3q0 3.6 2.1 6.6l-1.4 4.2 4.3-1.4q2.8 1.9 6.2 1.9zM14 2.2q2.7 0 5.2 1.1t4.3 2.9 2.9 4.3 1.1 5.2-1.1 5.2-2.9 4.3-4.3 2.9-5.2 1.1q-3.5 0-6.5-1.7l-7.4 2.4 2.4-7.2q-1.9-3.2-1.9-6.9 0-2.7 1.1-5.2t2.9-4.3 4.3-2.9 5.2-1.1z\"\/><\/svg><\/span><span class=\"shariff-text\">teilen<\/span>&nbsp;<\/a><\/li><li class=\"shariff-button info shariff-nocustomcolor\" style=\"background-color:#eee\"><a href=\"http:\/\/ct.de\/-2467514\" title=\"Weitere Informationen\" aria-label=\"Weitere Informationen\" role=\"button\" rel=\"noopener \" class=\"shariff-link\" style=\"; background-color:#fff; color:#fff\" target=\"_blank\"><span class=\"shariff-icon\" style=\"\"><svg width=\"32px\" height=\"20px\" xmlns=\"http:\/\/www.w3.org\/2000\/svg\" viewBox=\"0 0 11 32\"><path fill=\"#999\" d=\"M11.4 24v2.3q0 0.5-0.3 0.8t-0.8 0.4h-9.1q-0.5 0-0.8-0.4t-0.4-0.8v-2.3q0-0.5 0.4-0.8t0.8-0.4h1.1v-6.8h-1.1q-0.5 0-0.8-0.4t-0.4-0.8v-2.3q0-0.5 0.4-0.8t0.8-0.4h6.8q0.5 0 0.8 0.4t0.4 0.8v10.3h1.1q0.5 0 0.8 0.4t0.3 0.8zM9.2 3.4v3.4q0 0.5-0.4 0.8t-0.8 0.4h-4.6q-0.4 0-0.8-0.4t-0.4-0.8v-3.4q0-0.4 0.4-0.8t0.8-0.4h4.6q0.5 0 0.8 0.4t0.4 0.8z\"\/><\/svg><\/span><\/a><\/li><\/ul><\/div>","protected":false},"excerpt":{"rendered":"<p>Welche Ziele verfolgt der Aturien e.V.? 1. Wir wollen vor allem eine hochwertige, vielseitige und sinnvolle Freizeitbesch\u00e4ftigung f\u00fcr jedermann bieten. Stegreiftheater und Live-Rollenspiel wird gerne als Managertraining eingesetzt um Aggressionen &hellip; <a href=\"https:\/\/aturien-ev.de\/?page_id=656\" class=\"more-link\"><span class=\"screen-reader-text\">Ziele des Vereins<\/span> weiterlesen<\/a><\/p>\n","protected":false},"author":8,"featured_media":0,"parent":0,"menu_order":0,"comment_status":"closed","ping_status":"closed","template":"","meta":{"two_page_speed":[],"footnotes":""},"class_list":["post-656","page","type-page","status-publish","hentry"],"jetpack_sharing_enabled":true,"_links":{"self":[{"href":"https:\/\/aturien-ev.de\/index.php?rest_route=\/wp\/v2\/pages\/656","targetHints":{"allow":["GET"]}}],"collection":[{"href":"https:\/\/aturien-ev.de\/index.php?rest_route=\/wp\/v2\/pages"}],"about":[{"href":"https:\/\/aturien-ev.de\/index.php?rest_route=\/wp\/v2\/types\/page"}],"author":[{"embeddable":true,"href":"https:\/\/aturien-ev.de\/index.php?rest_route=\/wp\/v2\/users\/8"}],"replies":[{"embeddable":true,"href":"https:\/\/aturien-ev.de\/index.php?rest_route=%2Fwp%2Fv2%2Fcomments&post=656"}],"version-history":[{"count":1,"href":"https:\/\/aturien-ev.de\/index.php?rest_route=\/wp\/v2\/pages\/656\/revisions"}],"predecessor-version":[{"id":657,"href":"https:\/\/aturien-ev.de\/index.php?rest_route=\/wp\/v2\/pages\/656\/revisions\/657"}],"wp:attachment":[{"href":"https:\/\/aturien-ev.de\/index.php?rest_route=%2Fwp%2Fv2%2Fmedia&parent=656"}],"curies":[{"name":"wp","href":"https:\/\/api.w.org\/{rel}","templated":true}]}}